23
What is the value of (-41 + 5 - (505 - 500)) + 1 + -14?
-54
Calculate 38 + (-31 - 29) + 19 - (1 - -33).
-37
Evaluate (29 + 0 - (87 + -80)) + -17 - (-7 + 37).
-25
Calculate 32 + (-12 + 54 - -8) - 42.
40
What is (1 - -4) + (-2398 - -2352)?
-41
Evaluate 41 - (2 - ((-7 - (7 - 6)) + 11)).
42
(3 - 52) + 4 + 77
32
What is 26 + 16 + 0 + 28 + -29 + -4 + -9?
28
Evaluate 68 - 96 - (-1 - (-4 + -1) - 10).
-22
What is the value of -1 + 0 + -3 - (-7 + -21) - 8?
16
Evaluate 13 - (106 - (-2 + 50)).
-45
49 + 1 + -6 + (-20 - -10 - -17) - 2
49
What is the value of (0 - (-10 - 2)) + (-45 - (-15 - -23))?
-41
6 - (-1 - 1 - -162) - (42 + -44 + -12)
-140
(-5 - -28) + -41 - (3 + (4 - -1))
-26
What is the value of -15 + (-48 - -48) + 41?
26
What is 60 - (21 + -17 + (12 - 13))?
57
What is 22 + (3 - (7 + 17)) - (25 + 1)?
-25
What is -23 + -4 + 12 + (-6 - (10 - 18))?
-13
-3 + -23 + -377 + 370 - -62
29
What is -70 - ((8 - (20 + -9 + 3)) + (2 - -7))?
-73
Evaluate 219 - (16 + 82) - 231.
-110
What is the value of 32 + 1 + 17 + (-1 - (6 + -2))?
45
Calculate -31 - ((24 - 21) + (1 - -16) + -8).
-43
What is -14 + 19 - 67 - -104?
42
What is 9 - (-6 - (-42 - (9 + -17 - 3)) - 9)?
-7
What is the value of -4 - -2 - 5 - (-3040 - -3062)?
-29
(-29 - (30 - 22 - (6 - -10))) + 7
-14
-16 + (-11 - 3 - (-24 + -5)) + 46
45
75 + 3 + 47 + -59
66
Evaluate -9 + (-33 - (-51 - -37)).
-28
Calculate (-10 - (-9 + 6 - -3) - (33 + -95)) + 14.
66
Evaluate (8 - 3) + 12 - (-74 - -105) - (0 + 55).
-69
Calculate 65 + -8 - (-230 + 270).
17
Calculate -205 + 169 + -23 + 13.
-46
What is the value of (152 - 153) + (-4 - (2 + -8) - 62)?
-61
What is the value of (19 - (-11 - -35)) + 42 + -8 + -1?
28
What is (-34 - 2) + 96 - 57?
3
(-34 - -39) + (-6 - 1) - (-82 + (-8 - -21))
67
Calculate -11 + (60 - 17) - 16.
16
What is the value of 6 + (-45 - -52 - 25)?
-12
Calculate (77 + -52 - -30) + -57.
-2
Calculate -74 + (-14 - (14 + -22 + -10)) - -13.
-57
Evaluate -1 + -82 - -169 - (9 - 1).
78
What is the value of -91 - 1 - (15701 - 15653)?
-140
What is the value of 918 + -950 + (-9 - -2)?
-39
Calculate (145 + -2 - (-726 - -741)) + 6.
134
Evaluate -2366 + 2286 + 62 + 1.
-17
Calculate 2 + 3 - (-66 - -16).
55
What is -32 - (27 + 23 + -27 + -82)?
27
Calculate -7 + -3 + -15 + 22 + -7 - 15.
-25
-1384 + 1392 + (1 - (-1 - (1 + 70))) + -6
75
(12 - (111 - -11)) + (-202 - -207)
-105
What is the value of -12 + 4 + 24 + 5 - 55?
-34
-78 - (-110 - 8 - -33)
7
What is the value of (14 - (-5 - (3 + -16))) + -10 + (-6 - 1)?
-11
Calculate 37 - (5 + -45 + -45 + 70).
52
-7 - (-2 - 9) - (28 + (-12 - 38))
26
-22 - ((12 - -38 - 71) + (137 - -1))
-139
What is (-3297 - -3264) + (-1 - -2)?
-32
Calculate -13 + -101 + -4 + 75.
-43
Evaluate ((21 - 6 - -5) + -6 - 8) + -2.
4
1 + (9 - -14) - 7 - 5 - 70
-58
What is the value of 11 - (-10 + (5 - 13) + 32 + -14)?
11
What is 21 + -47 + 53 - 5?
22
-8 + 24 + -17 - (49 + -46)
-4
What is the value of 51 - (-2 - -5) - -18?
66
What is (71 - -15 - 90) + (-35 - -1)?
-38
What is -10 + 11 + (-55 - (94 + -71))?
-77
What is the value of (-1 - (-2 + -2)) + -158 + (447 - 240)?
52
What is the value of 44 - 78 - (18 - 3)?
-49
-11 - (-3 - (-50 - -26))
-32
9 - -10 - 40 - -28
7
Calculate -90 - -86 - (-1 - (0 - -2) - 4 - -85).
-82
What is -6 + 17 + -2 + (26 - 20)?
15
Calculate (22 - ((21 + -2 - 61) + -4)) + (-5 - 0).
63
Calculate (0 - (-8 - 1)) + (-422 - -254 - -169).
10
What is the value of -16 + (-14 - ((1 - -9) + -19 - -46))?
-67
What is the value of 77 + ((-22 - -5) + 9 - 3) + -2 + 7?
71
What is -17 - -32 - (139 + -70)?
-54
What is -20 + 16 - (-1 + 4 + (3 - 2))?
-8
Evaluate (1 - (-9 - -4)) + (70 - (-14 - 12)).
102
(-82 - 56) + 55 + (7 - -29)
-47
Evaluate 8 + (23 - (50 + -6)) - (2 - (-3 + 2)).
-16
Calculate 51 + -14 + 12 - (-3 + (-3 - -2) + -2).
55
What is the value of 3 + -1 + (23 - (-18 + 45)) + 1 + -88?
-89
Calculate (-19 - 83) + 0 + 13 + 2 + (-4 - 8).
-99
What is the value of 3 + (-4 - -1) + -77 + (-22 - -107)?
8
What is the value of -2 + -6 + (-21 - -18) + -15 + 11 + 13?
-2
Evaluate 5 - (-57 - -13 - -33).
16
What is the value of -14 + (-9 - (-11 + -16 + 14 + -1))?
-9
30 + 3 - (-34 + 14 - -16)
37
42 - -4 - (-3483 - -3563)
-34
Evaluate -6356 - -6289 - (1 + 2 + -11 + -1).
-58
Calculate 3 - (6 - 8) - 2 - ((18 - 72) + 20).
37
What is (11 - -3 - -3) + 120 + -120?
17
Evaluate (-43 + 34 - (-6 + -1 + (-19 - -22))) + 1.
-4
What is the value of 0 - -8 - (40 + 49 + -70 - 31)?
20
Evaluate 32 + -51 + -40 - -42.
-17
Calculate -16 - (-22 + 18 + (10 - -12) - 17).
-17
Evaluate -86 - (-67 + -11 + -55).
47
Evaluate ((64 - 9) + -8 - (-3 - 1)) + 40 + -33.
58
Calculate (13 - (18 + -11)) + (-12 - 20).
-26
-1 - (-3 - (-2 - 5)) - (-58 + 56)
-3
Evaluate -3 + (-3 + -6 - -8) - (5 + -37).
28
What is the value of 1 + (-70 - -2) + 50 + 44 + -95?
-68
Calculate 95 - ((-48 - -27) + 26 + (2 - -14)).
74
Evaluate 78 - (9 - (-189 - -54)).
-66
Evaluate (-16 - 184 - -119) + 188.
107
Calculate 21 + 16 + -8 + -22 + -49.
-42
What is -1 + (-17 - 7) - -6?
-19
Calculate 34 + (-17 + 50 - 34).
33
Calculate -18 + (19 - (-10 + (-4 - 3) + -3)).
21
Calculate -31 + (191 - 86) + -29.
45
Evaluate (204 - 103) + -17 - (1 - -3 - -4).
76
-10 - ((2 - (8 + 0) - -6) + 1)
-11
Evaluate (-230 - -110) + 78 - (-17 + -2).
-23
-10 + (-5 - -10) + -2 - (46 - 10 - -2)
-45
(-6 - ((9 - 10 - -8 - 13) + 6)) + 15
9
Evaluate -145 - (-240 + (-65 - -173)).
-13
-1 + (-27 - (-1 - -2)) - (128 - 172 - -39)
-24
What is the value of 18 - ((33 - 66) + 74)?
-23
What is (0 + 0 - 84) + (5431 - 5419)?
-72
(13 - 0 - (18 - -16) - -7) + 7
-7
Evaluate -45 - (75 + -64 + -57).
1
0 + (-2 - (16 - 10)) + -1 + -57
-66
Calculate 5 + ((-39 - -51) + -19 - (-4 - 87)).
89
What is ((-2 - -15) + -12 - -2) + 10 + -6 + -54?
-47
8 - (172 + -78 + -11)
-75
0 + 23 - (58 + -33 - -9)
-11
What is (-24 - -43) + -17 - 45?
-43
Calculate 1 + 0 + -21 + (-82 - (36 - 221)).
83
Evaluate (-50 - (-168 - -80)) + -140.
-102
Calculate -187 + (26 - 47) + 102.
-106
What is the value of 20 + (2 + -26 - -51)?
47
What is 44 + (11 - (-9 + 33 - -10))?
21
What is the value of 8 + (62 + 16 + -20 + -10 - (2 + -6))?
60
What is the value of -4 - -4 - -15 - (-22 - -48 - -42)?
-53
What is -15 + -13 + (-2 - -32) + (0 - 4)?
-2
Evaluate -23 + (273 - 263 - (7 - 1) - -9).
-10
What is the value of (197 - 173) + -18 + -50?
-44
Calculate (-30 - (82 + -57)) + 8.
-47
(2 - -2) + -7 + -15 + 42
24
What is 116 - (74 - 72 - ((-7 - -4) + 1 + -2))?
110
What is (-14 - 3) + (13 - -12) + -59 - (2 + 1)?
-54
Evaluate -11 + 65 + -92 + 1.
-37
Calculate 114 - (-4 - -171) - (-2 + 7 + 2).
-60
What is -73 + 88 - (36 + (-7 - -3))?
-17
Calculate 1 + -46 + (1318 - 1300).
-27
(4 + -2 - -6) + (258 - (169 + 99))
-2
Calculate ((10 - 31) + 52 - -11) + 45.
87
What is (-44 - -26 - (-26 - -6)) + -20?
-18
Calculate -47 + 27 - (21 - (-23 + 20)).
-44
What is 3 + 1 - ((-5 + 12 - 11) + 19)?
-11
Calculate (-317 - (-404 + 78)) + 0 + 0 + -1.
8
What is the value of -1046 + 1043 + (30 - 0)?
27
Evaluate 0 + (38 - (24 + 36) - (1 - 14)).
-9
Evaluate -1446 + 1495 + -3 + -5 + -3.
38
What is the value of 2 + -3 + -1 + (-2 - 1 - -8 - 35)?
-32
What is the value of -146 - -173 - (1 - -22) - (14 + 0)?
-10
What is the value of 3 + 45 - ((183 - 43) + -220)?
128
Evaluate 233 + -231 - (0 + (9 - 6) - 1).
0
Calculate (-4 - (-1 + 3) - (-125 + 131)) + 78.
66
Evaluate 110 + -92 + 31 + -4.
45
Evaluate -284593 - -284612 - ((2 - 0) + 161 + 0).
-144
What is the value of (21 - 22 - 7) + -111 + 2 + 12 + -2?
-107
What is (16 - (6 + 33)) + (0 - -67)?
44
What is the value of 6 + -2 + (2 - -4) - (-56 + 101)?
-35
3 + 9 - (0 - (20 + -22) - -45)
-35
Calculate -61 - -72 - (-1 + 3 + 0 + 38 + 12).
-41
What is the value of -40 + (-3 - (12 - 60))?
5
-28 + (9 - 7) + 4 + 23 + (22 - 0)
23
(-23 + 20 - -26) + -24 - 17
-18
What is the value of 11 - ((-62 - -21) + -52 + -7)?
111
Calculate 19 + -16 + 14 + -27 + (-81 - -15).
-76
Calculate -75 + -33 + 75 - (-10 + -10).
-13
What is -18 + 30 + -73 - (-15 - -9)?
-55
Evaluate 15 + -8 + 36 + -57.
-14
Calculate 7 - (36 + -20 + -41).
32
Evaluate 34 + 0 + 0 - (-34947 - -35050).
-69
What is ((-58 - -7) + -22 - -20) + (8 - -9)?
-36
11 - (-29 - -79 - 42 - (-4 + 0)) - 3
-4
What is 29 - 87 - -81 - 32?
-9
1161 + -1158 - (3 + -50 + 2) - -8
56
What is the value of 26 - (1 + 85) - -47?
-13
34 + -43 - -30 - (-2 + (1 - 3))
2